{"id":5661167,"date":"2020-11-21T11:24:53","date_gmt":"2020-11-21T11:24:53","guid":{"rendered":"http:\/\/www.donegidio.it\/?page_id=5661167"},"modified":"2023-08-27T15:40:56","modified_gmt":"2023-08-27T15:40:56","slug":"adozioni-a-distanza","status":"publish","type":"page","link":"https:\/\/www.donegidio.it\/index.php\/adozioni-a-distanza\/","title":{"rendered":"Adozioni a distanza"},"content":{"rendered":"<section class=\"wpb-content-wrapper\">[vc_row full_width=&#8221;stretch_row&#8221;][vc_column][vc_empty_space height=&#8221;60px&#8221;]<div class=\"norebro-heading-sc heading text-left\"\n\tid=\"norebro-custom-69e07b1c8b4e1\" \n\t \n\t>\n\t\n\t\n\t\n\t<h3 class=\"title\">\n\t\tPARTECIPA AL NOSTRO PROGETTO A TONDO-MANILA NELLE FILIPPINE -- <br\/>\t<\/h3>\n\n\t\n\t\t\n<\/div><div class=\"norebro-text-sc \" \n\tid=\"norebro-custom-69e07b1c8b5ed\" \n\t \n\t>\n\n\t<p>Vuoi anche tu adottare un bambino a distanza? Dare un futuro a un bambino del Terzo Mondo, dandogli la possibilit\u00e0 di andare a scuola ed avere un minimo di assistenza?<br \/>\nAllora puoi sostenere il nostro Progetto \u201cUna mano aiuta l\u2019altra\u201d che a Tondo, il pi\u00f9 povero sobborgo di Manila nelle Filippine, segue e aiuta tanti bambini. Solo le \u201cadozioni a distanza\u201d possono garantire ai ragazzi volonterosi la partecipazione alla scuola ed offrire loro la speranza di trovare in futuro un posto di lavoro.<br \/>\nDall\u2019anno 2000 don Egidio Todeschini \u00e8 in contatto con i Padri Canossiani nelle Filippine e con P. Giovanni Gentilin responsabile del progetto. Sono gi\u00e0 un centinaio i padrini che hanno aderito attraverso don Egidio a questo progetto.<br \/>\nInoltre ogni anno altri 50 bambini dell\u2019isola di Leyte (Filippine) vengono aiutati attraverso le offerte che vengono raccolte a Natale con la distribuzione del calendario annuale.<\/p>\n\t\n<\/div>[vc_empty_space height=&#8221;30px&#8221;]<div class=\"norebro-heading-sc heading text-left\"\n\tid=\"norebro-custom-69e07b1c8b686\" \n\t \n\t>\n\t\n\t\n\t\n\t<h3 class=\"title\">\n\t\tI bambini della Smokey Mountain -- <br\/>\t<\/h3>\n\n\t\n\t\t\n<\/div><div class=\"norebro-text-sc \" \n\tid=\"norebro-custom-69e07b1c8b7e3\" \n\t \n\t>\n\n\t<p>Quando un bambino si presenta alle porte del Regno, Dio scruta il suo volto. Se sorride, se \u00e8 paffuto, se \u00e8 birichino, gli fa una carezza e lo scrive nella lista degli angeli pi\u00f9 vicini nel suo Regno. Se ha il volto spento, le braccia scheletrite, il ventre gonfio, il sorriso sbiadito, Dio chiama in giudizio i grandi della Terra.<\/p>\n<p><em>\u201cQuello che non avete fatto al pi\u00f9 piccolo dei miei figli, non l\u2019avete fatto a me. Non bussate alle porte del mio Regno, non vi aprir\u00f2 mai\u201d.<br \/>\n<\/em><br \/>\n<strong>Smokey Mountain<\/strong>: la montagna che fuma. Cos\u00ec viene chiamata la grande discarica di Tondo, dove vengono accumulati tutti i rifiuti della metropoli Manila. Nella baraccopoli di Tondo vivono centinaia di migliaia di persone. A Tondo opera con altri Padri Canossiani anche P. Giovanni, con il quale abbiamo scelto di collaborare con le nostre adozioni a distanza.<\/p>\n\t\n<\/div>[vc_empty_space height=&#8221;30px&#8221;]<div class=\"norebro-heading-sc heading text-left\"\n\tid=\"norebro-custom-69e07b1c8b867\" \n\t \n\t>\n\t\n\t\n\t\n\t<h3 class=\"title\">\n\t\tBrevi informazioni utili -- <br\/>\t<\/h3>\n\n\t\n\t\t\n<\/div><div class=\"norebro-text-sc \" \n\tid=\"norebro-custom-69e07b1c8b930\" \n\t \n\t>\n\n\t<ul>\n<li>L\u2019anno scolastico nelle Filippine inizia a giugno e termina alla fine di marzo dell\u2019anno successivo<\/li>\n<li>Ai padrini viene spedita una fotografia del loro figlioccio\/a con una scheda di famiglia<\/li>\n<li>Due volte all\u2019anno ai padrini viene inviata la pagella del figlioccio\/a<\/li>\n<li>L\u2019organizzazione di Tondo s\u2019impegna a seguire l\u2019adottato\/a nella formazione ai valori umani e cristiani, con diverse attivit\u00e0 culturali e ricreative<\/li>\n<li>L\u2019organizzazione s\u2019impegna ad aiutare l\u2019adottato e anche la sua famiglia in ogni caso di bisogno<\/li>\n<li>Non c\u2019\u00e8 problema se il padrino non parla o non scrive in inglese, l\u2019ufficio di Tondo \u00e8 in grado di tradurre le lettere dei padrini<\/li>\n<\/ul>\n\t\n<\/div>[vc_empty_space height=&#8221;30px&#8221;]<div class=\"norebro-heading-sc heading text-left\"\n\tid=\"norebro-custom-69e07b1c8b9f2\" \n\t \n\t>\n\t\n\t\n\t\n\t<h3 class=\"title\">\n\t\tLa scuola nelle Filippine -- <br\/>\t<\/h3>\n\n\t\n\t\t\n<\/div><div class=\"norebro-text-sc \" \n\tid=\"norebro-custom-69e07b1c8babc\" \n\t \n\t>\n\n\t<ul>\n<li>6 anni di scuola elementare<\/li>\n<li>4 anni di scuola media<\/li>\n<li>2-4 anni di scuola superiore (dipende dal tipo di scuola)<\/li>\n<\/ul>\n\t\n<\/div>[vc_empty_space height=&#8221;30px&#8221;]<div class=\"norebro-heading-sc heading text-left\"\n\tid=\"norebro-custom-69e07b1c8bb39\" \n\t \n\t>\n\t\n\t\n\t\n\t<h3 class=\"title\">\n\t\tLe quote per l'adozione -- <br\/>\t<\/h3>\n\n\t\n\t\t\n<\/div><div class=\"norebro-text-sc \" \n\tid=\"norebro-custom-69e07b1c8bbf0\" \n\t \n\t>\n\n\t<ul>\n<li>Per la scuola elementare: CHF 350 annuali<\/li>\n<li>Per la scuola media: CHF 400 annuali<\/li>\n<li>Per la scuola superiore: 500 annuali<\/li>\n<\/ul>\n<p>Le quote comprendono: iscrizione a scuola, due uniformi ogni anno (non si entra in scuola senza uniforme), trasporto, pranzo, visite mediche e ci\u00f2 che occorre per ogni emergenza. Queste quote sono indicative, chi ha la possibilit\u00e0 pu\u00f2 dare qualcosa di pi\u00f9.<br \/>\nE\u2019 bene che chi sottoscrive un\u2019adozione porti il suo figlioccio\/a al termine del ciclo scolastico. Tuttavia ci\u00f2 non \u00e8 un contratto, \u00e8 solo un impegno morale. Per una buona ragione ognuno pu\u00f2 interrompere l\u2019adozione, avvisandoci in modo che possiamo provvedere diversamente.<\/p>\n\t\n<\/div>[vc_empty_space height=&#8221;30px&#8221;]<div class=\"norebro-heading-sc heading text-left\"\n\tid=\"norebro-custom-69e07b1c8bc6b\" \n\t \n\t>\n\t\n\t\n\t\n\t<h3 class=\"title\">\n\t\tLettura importante per gli \"adottanti\" - Una mano aiuta l'altra -- <br\/>\t<\/h3>\n\n\t\n\t\t\n<\/div><div class=\"norebro-text-sc \" \n\tid=\"norebro-custom-69e07b1c8bd41\" \n\t \n\t>\n\n\t<p class=\"p2\">Sono oramai 35 anni che il progetto delle \u201c Adozioni a lunga distanza negli studi \u201ccontinua il suo programma educativo-umano-cristiano per la giovent\u00f9 povera di Tondo.Alla fine dell\u2019anno scolastico arrivano gioie, felicita\u2019, perch\u00e8 molti studenti vengono riconosciuti per impegno scolastico, disciplinare, e rendita, con onore che si manifesta nel rilasciare medaglie e nastri speciali, diplomi. Cosi\u2019 rimandiamo qui in queste pagine ci\u00f2 che ci siamo prefissi fin dagli inizi di questa attivit\u00e0 secondo il carisma Canossiano.<\/p>\n<p class=\"p2\"><b>VISIONE : Desideriamo promuovere l\u2019educazione umano-cristiana-cattolica per la giovent\u00f9 povera e meritevole di Tondo.<\/b><\/p>\n<p class=\"p2\"><b>MISSIONE : e\u2019 quella di mandare i nostri studenti a scuola, ad acquisire cultura, e fornire servizi diversificati attraverso l\u2019orientamento, la formazione, seminari, leadership, con le famiglie, attraverso la collaborazione fattiva dei donatori, <\/b><b>dei benefattori.<\/b><\/p>\n<p class=\"p2\">La scuola con le sue lezioni si e\u2019 conclusalo scorso 7 luglio 2023. L&#8217;ultima settimana di giugno fino alla terza settimana di luglio \u00e8 la settimana per le cerimonie di laurea. Studenti e genitori sono tutti felici di completare i 203 giorni del calendario scolastico iniziati lo scorso 22 agosto 2022.<\/p>\n<p class=\"p2\">Nel nostro progetto abbiamo questi risultati molto piacevoli<\/p>\n<p><img loading=\"lazy\" decoding=\"async\" class=\"alignnone size-full wp-image-5662066\" src=\"https:\/\/www.donegidio.it\/wp-content\/uploads\/sites\/3\/2023\/08\/canossiani_1.png\" alt=\"\" width=\"910\" height=\"610\" srcset=\"https:\/\/www.donegidio.it\/wp-content\/uploads\/sites\/3\/2023\/08\/canossiani_1.png 910w, https:\/\/www.donegidio.it\/wp-content\/uploads\/sites\/3\/2023\/08\/canossiani_1-300x201.png 300w, https:\/\/www.donegidio.it\/wp-content\/uploads\/sites\/3\/2023\/08\/canossiani_1-768x515.png 768w\" sizes=\"auto, (max-width: 910px) 100vw, 910px\" \/><\/p>\n\t\n<\/div><div class=\"norebro-text-sc \" \n\tid=\"norebro-custom-69e07b1c8bdef\" \n\t \n\t>\n\n\t<p class=\"p2\"><b>Mark Anthony e Ronaleen <\/b>hanno iniziato il loro viaggio nel programma quando erano alle elementari. Diamo un&#8217;occhiata da quando sono stati avviati fino al oro diploma.<\/p>\n<p class=\"p2\">E\u2019 una grande soddisfazione averli visti crescere, maturare, realizzare i loro sogni nella vita.<\/p>\n<p class=\"p2\"><b>Mark Anthony Santos, <\/b>Laurea in Comunicazione \u2013 Universidad de Manila, Ha iniziato a studiare nell\u2019Agosto2007.<\/p>\n<p class=\"p2\"><b><img loading=\"lazy\" decoding=\"async\" class=\"alignnone size-full wp-image-5662070\" src=\"https:\/\/www.donegidio.it\/wp-content\/uploads\/sites\/3\/2023\/08\/mark-santos.png\" alt=\"\" width=\"895\" height=\"224\" srcset=\"https:\/\/www.donegidio.it\/wp-content\/uploads\/sites\/3\/2023\/08\/mark-santos.png 895w, https:\/\/www.donegidio.it\/wp-content\/uploads\/sites\/3\/2023\/08\/mark-santos-300x75.png 300w, https:\/\/www.donegidio.it\/wp-content\/uploads\/sites\/3\/2023\/08\/mark-santos-768x192.png 768w\" sizes=\"auto, (max-width: 895px) 100vw, 895px\" \/><br \/>\nRonaleen Soriano . <\/b>Diploma in Comunicazione \u2013 Universidad de Manila. H a iniziato a studiare nell\u2019Agosto 2006.<\/p>\n<p><img loading=\"lazy\" decoding=\"async\" class=\"alignnone size-full wp-image-5662071\" src=\"https:\/\/www.donegidio.it\/wp-content\/uploads\/sites\/3\/2023\/08\/ronaleen-soriano.png\" alt=\"\" width=\"847\" height=\"230\" srcset=\"https:\/\/www.donegidio.it\/wp-content\/uploads\/sites\/3\/2023\/08\/ronaleen-soriano.png 847w, https:\/\/www.donegidio.it\/wp-content\/uploads\/sites\/3\/2023\/08\/ronaleen-soriano-300x81.png 300w, https:\/\/www.donegidio.it\/wp-content\/uploads\/sites\/3\/2023\/08\/ronaleen-soriano-768x209.png 768w\" sizes=\"auto, (max-width: 847px) 100vw, 847px\" \/><\/p>\n\t\n<\/div>[vc_empty_space height=&#8221;30px&#8221;]<div class=\"norebro-heading-sc heading text-left\"\n\tid=\"norebro-custom-69e07b1c8be65\" \n\t \n\t>\n\t\n\t\n\t\n\t<h3 class=\"title\">\n\t\tNotizie utili a sapersi -- <br\/>\t<\/h3>\n\n\t\n\t\t\n<\/div><div class=\"norebro-text-sc \" \n\tid=\"norebro-custom-69e07b1c8bf6d\" \n\t \n\t>\n\n\t<p class=\"p2\"><b>L\u2019ANNO 2022 \u2013 2023 E\u2019 TERMINATO IL 5 LUGLIO 2023<br \/>\n<\/b><b>L\u2019ANNO 2023-2024 INIZIA IL 29 AGOSTO 2023<\/b><\/p>\n<p class=\"p2\">L&#8217;apertura delle classi per la scuola elementare e superiore sar\u00e0 il 29 AGOSTO 2023, e dovrebbe concludersi entro il 28 GIUGNO 2024.<\/p>\n<ul>\n<li class=\"p2\">L&#8217;attuale calendario scolastico \u00e8 in fase di revisione da parte del Dipartimento dell&#8217;Istruzione poich\u00e9 c&#8217;\u00e8 una petizione per ripristinare l&#8217;apertura entro giugno per evitare lezioni da aprile a maggio, che \u00e8 il picco dell&#8217;estate qui nelle Filippine. Il caldo estremo in classe causa problemi di salute per insegnanti e studenti.<\/li>\n<li class=\"p2\">Per quanto riguarda gli studenti universitari, hanno calendari scolastici diversi, alcuni inizieranno entro l&#8217;ultima settimana di agosto, settembre o ottobre. Questa \u00e8 la nostra principale preoccupazione in termini di presentazione delle pagelle , lettere per gli sponsor poich\u00e9 non possiamo presentare il tutto in tempo ragionevole. .<\/li>\n<li class=\"p2\">Siamo ancora in transizione nel tornare alle lezioni faccia a faccia a scuola invece che online.Ma ci sar\u00e0 un&#8217;opzione per le lezioni online a seconda della necessit\u00e0 e della situazione della scuola. Gadget come tablet e telefoni cellulari sono necessari per la ricerca e altri progetti scolastici.<\/li>\n<li class=\"p2\">Abbiamo iniziato e continuiamo a raccogliere febbrilmente pagelle, lettere da inviare agli \u201c Adottanti \u201c. Man mano che raccoglieremo , alla terza settimana di Luglio pensiamo di farcela ad inviare il tutto.<\/li>\n<\/ul>\n<p class=\"p2\"><b>UNA NOTA IMPORTANTE:<\/b><\/p>\n<p class=\"p2\"><b>Abbiamo MOLTI RAGAZZI E RAGAZZE IN ATTESA DI ENTRARE NEL PROGETTO \u201c UNA MANO AIUTA L\u2019ALTRA\u201c .<\/b><\/p>\n<p class=\"p2\">Comprendiamo bene la situazione economica in tutto il mondo, soprattutto in Italia ma stiamo ancora pregando e sperando che ci siano ancora cuori generosi che siano in grado di sostenere i nostri candidati in atte di poter andare a scuola.:<\/p>\n<ul>\n<li class=\"p2\"><b>32 candidati elementari<\/b><\/li>\n<li class=\"p2\"><b>25 della scuole medie <\/b><\/li>\n<li class=\"p2\"><b>7 della scuola superiore<\/b><\/li>\n<\/ul>\n\t\n<\/div>[vc_empty_space height=&#8221;30px&#8221;]<div class=\"norebro-heading-sc heading text-left\"\n\tid=\"norebro-custom-69e07b1c8bfe9\" \n\t \n\t>\n\t\n\t\n\t\n\t<h3 class=\"title\">\n\t\tPer ulteriori informazioni -- <br\/>\t<\/h3>\n\n\t\n\t\t\n<\/div><div class=\"norebro-text-sc \" \n\tid=\"norebro-custom-69e07b1c8c0a1\" \n\t \n\t>\n\n\t<p>Per altre informazioni, potete scrivere o mettervi in contatto con:<\/p>\n<ul>\n<li>Don Egidio Todeschini, Imfangring 28, CH &#8211; 6005 Lucerna; Tel. +41 78 9561402; E-mail: <a href=\"mailto:egidio.todeschini44@gmail.com\">egidio.todeschini44@gmail.com<\/a><\/li>\n<\/ul>\n<ul>\n<li>Padre Giovanni Gentilin, S. Pablo Apostol Parish, E. Jacinto St. Magsaysay Village, 1012 Tondo-Manila, Philippines; Email: unamano@pldtdsl.net; www.adozionitondo.org.<\/li>\n<\/ul>\n\t\n<\/div>[vc_empty_space height=&#8221;30px&#8221;][vc_empty_space height=&#8221;30px&#8221;][vc_empty_space height=&#8221;30px&#8221;][vc_empty_space height=&#8221;60px&#8221;][\/vc_column][\/vc_row]\n<\/section>","protected":false},"excerpt":{"rendered":"<p>[vc_row full_width=&#8221;stretch_row&#8221;][vc_column][vc_empty_space height=&#8221;60px&#8221;][vc_empty_space height=&#8221;30px&#8221;][vc_empty_space height=&#8221;30px&#8221;][vc_empty_space height=&#8221;30px&#8221;][vc_empty_space height=&#8221;30px&#8221;][vc_empty_space height=&#8221;30px&#8221;][vc_empty_space height=&#8221;30px&#8221;][vc_empty_space height=&#8221;30px&#8221;][vc_empty_space height=&#8221;30px&#8221;][vc_empty_space height=&#8221;30px&#8221;][vc_empty_space height=&#8221;30px&#8221;][vc_empty_space height=&#8221;60px&#8221;][\/vc_column][\/vc_row]<\/p>\n","protected":false},"author":1,"featured_media":0,"parent":0,"menu_order":0,"comment_status":"closed","ping_status":"closed","template":"","meta":{"footnotes":""},"class_list":["post-5661167","page","type-page","status-publish","hentry"],"_links":{"self":[{"href":"https:\/\/www.donegidio.it\/index.php\/wp-json\/wp\/v2\/pages\/5661167","targetHints":{"allow":["GET"]}}],"collection":[{"href":"https:\/\/www.donegidio.it\/index.php\/wp-json\/wp\/v2\/pages"}],"about":[{"href":"https:\/\/www.donegidio.it\/index.php\/wp-json\/wp\/v2\/types\/page"}],"author":[{"embeddable":true,"href":"https:\/\/www.donegidio.it\/index.php\/wp-json\/wp\/v2\/users\/1"}],"replies":[{"embeddable":true,"href":"https:\/\/www.donegidio.it\/index.php\/wp-json\/wp\/v2\/comments?post=5661167"}],"version-history":[{"count":20,"href":"https:\/\/www.donegidio.it\/index.php\/wp-json\/wp\/v2\/pages\/5661167\/revisions"}],"predecessor-version":[{"id":5662075,"href":"https:\/\/www.donegidio.it\/index.php\/wp-json\/wp\/v2\/pages\/5661167\/revisions\/5662075"}],"wp:attachment":[{"href":"https:\/\/www.donegidio.it\/index.php\/wp-json\/wp\/v2\/media?parent=5661167"}],"curies":[{"name":"wp","href":"https:\/\/api.w.org\/{rel}","templated":true}]}}